s the hundreds digit of a(-16)?
2
Let p = 30 + -28. Suppose p*a = 6, j = 5*j + 5*a - 99. Suppose j = 3*q - 18. What is the units digit of q?
3
Let l = -2 + 2. Suppose 3*f + 2*x - 107 = x, f - 2*x - 31 = l. What is the units digit of f?
5
Let o be 2024/(-40) + (-4)/10. Let j = o - -124. What is the units digit of j?
3
Let r be (-579)/(-6)*2 - 4/(-2). Suppose k = 4, r = -c + 2*c - 2*k. What is the hundreds digit of c?
2
Suppose -19*l - 57120 = -35*l. What is the units digit of l?
0
Let x be (-2 - -5)*(3 + -1). Let t = 16 - x. What is the units digit of t*1*7/14?
5
Let w = -653 + 1262. What is the hundreds digit of w?
6
Let p(c) = -c**3 + 3 + 2*c**3 + 2*c - 4 - 9*c**2 + 7*c**2. What is the tens digit of p(3)?
1
Suppose 4*v - 4*a - 3932 = -364, 3*a = -4*v + 3547. What is the tens digit of v?
8
Let p(c) = c**3 - 8*c**2 + 7*c - 8. Let z be p(6). Suppose 0 = 30*a - 3474 + 684. Let q = z + a. What is the units digit of q?
5
Let t = -1019 - -2007. What is the tens digit of t?
8
Suppose 15 = 3*n, 8*f - 7*f + 2*n - 15 = 0. Suppose 4*l + 2*p = 2*l + 174, 0 = -f*p - 25. What is the tens digit of l?
9
Let o(n) = 2*n**2 + n - 2. Let j be o(-2). Suppose j*u + 0*u = 0. Let k(p) = -p + 69. What is the tens digit of k(u)?
6
Let n(b) = -b + 9. Let q be n(13). Let s(j) = 1 - 6*j**2 + 4*j**2 + 0*j - j + 3*j**2. What is the units digit of s(q)?
1
What is the tens digit of (-8)/((-24)/(-105))*(-86 + 0)?
1
Suppose 4*h - 11709 = -5*h. What is the hundreds digit of h?
3
What is the tens digit of 4175/4 - (156/(-48))/13?
4
Let c(r) = r**2 - 28*r - 70. What is the units digit of c(-45)?
5
Suppose -8*i = 3640 - 27688. What is the units digit of i?
6
Suppose 2*q = -2*s + s + 12, 0 = s - 3*q + 13. Let b be 1 - -2 - s - -3. Suppose 12 = -4*d, d + 37 = b*j - 2*j. What is the units digit of j?
7
Suppose c + 12 + 4 = 0. Let u = c - -17. What is the units digit of u?
1
Suppose -b + 2*i = -536, -4*b = 11*i - 16*i - 2156. What is the tens digit of b?
4
Let w(a) = -a**2 + 2*a - 11. Let s be w(5). Let g = s + 60. What is the units digit of g?
4
Let g(s) = -s**2 + 19. Let i be g(0). Suppose -i - 357 = -8*p. What is the units digit of p?
7
Suppose -2*h + 0*h - 2*i + 10 = 0, i - 5 = -3*h. Suppose -w - 2*b - 262 = -5*w, h = 5*w + b - 324. What is the tens digit of w?
6
Let r = -24 - -17. Let q be 429/r - 8/(-28). Let m = q - -132. What is the tens digit of m?
7
Let b be (-3168)/(-8) - (1 + 0). Suppose 5*q - 2*f - b = -0*f, 0 = -2*q - 5*f + 158. What is the units digit of q?
9
Let y(h) = h**3 + 5*h**2 + 2*h + 4. Let m be y(-4). Suppose 4*s - 36 = m. What is the units digit of s?
2
Let o(z) = z**3 + 15*z**2 + 6*z - 12. Let p be o(-12). Suppose -2*n - 714 = -4*a, 6*a = 8*a - 4*n - p. What is the tens digit of a?
8
Let a be (-9)/(-6)*-2 - 105. Let p be (-1)/(-7) + a/(-28). What is the units digit of (-11)/(-2*p/32)?
4
Let c(k) = -k**3 - 6*k**2 - k - 1. Let r(i) = i**3 - 5*i**2 + 5*i - 3. Let s(l) = -l + 15. Let q be s(12). Let y be r(q). What is the units digit of c(y)?
5
Let f be 2/(-3 - -7)*44. Let m = f + 53. What is the tens digit of m?
7
Suppose -398 = -2*w - 10. What is the units digit of w?
4
Suppose 42*s - 2*m + 2208 = 46*s, -s = -5*m - 552. What is the units digit of s?
2
Suppose p = -1, 2*s + 5 = -2*p + p. Let z(g) = 11*g**2 + 6 - 3*g - 3 - 4 - 9*g**2. What is the tens digit of z(s)?
1
Let x(y) be the third derivative of y**5/20 + y**4/8 + y**3 + 8*y**2. Let z be x(-5). Suppose d - z = -13. What is the units digit of d?
3
Let n = 21 - 18. Let j be -3 - (-3 + -37) - n. Suppose 2*b = -4, f + 3*b - j = -0*f. What is the units digit of f?
0
Let x = -469 - -926. What is the tens digit of x?
5
Suppose 4*g = 5*g. Suppose 1629 = -g*n + 9*n. What is the units digit of n?
1
Let x(j) = -27*j**3 + j**2 - 4*j - 7. What is the hundreds digit of x(-2)?
2
Let v = -35 - -51. Let z be 1004/10 + v/(-40). Suppose 0 = -p, -5*l + 0*p - p = -z. What is the units digit of l?
0
Suppose 2*h + 50 = f + 2, 4*f - 204 = -4*h. Suppose -4*k - 3 = -143. Let u = f - k. What is the units digit of u?
5
Let y = 44 - 35. Let w(k) = k + 8. What is the units digit of w(y)?
7
Suppose -8*o - 2 = -6*o + j, 2*o - 4 = 2*j. Suppose o = 2*l + 5*u - 527, 3*l + 3*u + 158 - 953 = 0. What is the units digit of l?
6
Let z(c) = -33*c + 4. Let v be 1 + 4 + (4 - 11). What is the tens digit of z(v)?
7
Let w(y) = y + 9. Let l be w(7). Let g be l/6 + (-3)/(-9). Suppose 2*j + g*x - 41 = 0, 4*j + 11 = 4*x + 143. What is the units digit of j?
8
Let h(d) = 724*d - 270. What is the thousands digit of h(5)?
3
Suppose -29*h + 25*h + 512 = 0. What is the units digit of h?
8
Let h(t) = 83*t**2 - 7*t - 9. What is the units digit of h(-1)?
1
Suppose -5*q + 241 = -269. Let u = 154 - q. What is the tens digit of u?
5
Let t(m) = m + 4. Let f be t(2). What is the units digit of -249*f/18*-2?
6
Let k = 2 + -6. Let w(p) = 5*p - 2. Let z be w(k). Let b = 32 + z. What is the units digit of b?
0
Let f = 4480 + 342. What is the thousands digit of f?
4
Let h(q) = 4*q**2 - 10*q - 21. Let a be h(9). Suppose 5*t = -4*p + a, 8*p = -t + 3*p + 30. What is the units digit of t?
5
Let r = 12 + -10. Suppose 3*n = w - 137, -5*n = r*w + 59 - 366. What is the units digit of w?
6
Suppose -2*s + 96 + 28 = 0. Let a = -31 + s. What is the units digit of a?
1
Let h(d) = 3*d - 12. Let s be h(6). Let p be 3/(-2 + 13/s). Suppose -2*f = 5*u - 21, 3*u - f - p = -4*f. What is the units digit of u?
3
Let u = 6 + -2. Suppose -3*n + 75 = -0*n + 3*s, 2*n - u*s - 50 = 0. Suppose -3*l + n = -41. What is the units digit of l?
2
What is the thousands digit of (2730/28 - 10)*(-168)/(-10)?
1
Let x = 3879 + -3324. What is the hundreds digit of x?
5
Suppose 6*r - 5*r = -49. What is the tens digit of 5*(14/r - 598/(-35))?
8
Suppose -5*t - b = -2093, 13*b = 14*b + 2. What is the tens digit of t?
1
Let m(u) be the second derivative of -11*u**3/2 + u**2/2 - 7*u. Let o be m(-3). Suppose -3*a + o = 2*a. What is the units digit of a?
0
Let m be (-36)/198 - (-48)/22. Suppose 13 = m*a - a. What is the units digit of a?
3
Let b(t) = 19*t**3 + 5*t**2 + 3*t - 2. Let o be b(3). Let k = o + -381. What is the tens digit of k?
8
Let a(k) = 16 + 5*k**2 - k**3 - 3 - 5*k**2 + 9*k**2 + 10*k. What is the units digit of a(10)?
3
Let d = 20 + -14. Suppose 4*l + 197 = d*l - 3*x, -162 = -2*l - 4*x. What is the tens digit of l?
9
Suppose 2*a - 11 = a. Suppose -2*v = -3*v - 5*o - a, 5*o = -15. Suppose -v*m = 2*z - 64, 3*m - z - 47 = -2*z. What is the units digit of m?
5
Suppose 24 + 22 = 4*h + 2*g, 0 = -5*h + g + 54. Suppose -335 = -h*o + 6*o. What is the units digit of o?
7
Let d(j) = 20*j**3 - 3*j**2 - 10*j + 9. What is the units digit of d(3)?
2
Let l = -50 + 47. Suppose 0 = -5*a - 605 + 150. What is the units digit of (-2)/l - a/3?
1
Let l(s) = -4*s**2 + 218*s + 151. What is the units digit of l(44)?
9
Let v = 15 + -12. Suppose v*f - f = 36. Let g = -4 + f. What is the tens digit of g?
1
Suppose -3 + 23 = -5*p. What is the tens digit of (-1506)/16*-2 + 1/p?
8
Suppose 4*m - 5*b = -50, 4*b = 4*m - 6 + 58. Let w(a) = -3*a**2 + 5*a + 1. Let n be w(4). Let i = m - n. What is the tens digit of i?
1
Suppose 17 - 5 = -3*z + s, 18 = -4*z + 2*s. Let d be z/(-2) + (-9)/(-18). What is the tens digit of (d/4)/((-3)/(-108))?
1
Suppose 0 = -6*p + 7*p - 4. Suppose 54 = 2*l + p*z, 0 = -5*z + 5 + 10. Let m = l + -9. What is the tens digit of m?
1
Suppose -19*b = -618 - 3562. What is the tens digit of b?
2
Let m(p) = p**2 - 6*p + 9. Let y be m(9). Suppose 0*n = -6*n + y. What is the units digit of n?
6
Let z(j) = -337*j**3 - 5*j**2 - 5*j - 1. What is the hundreds digit of z(-1)?
3
Let i(m) = -m**3 + 7*m**2 + 4*m + 8. Let b be i(9). Let j = -34 - b. What is the tens digit of j?
8
Let c(f) = -f**2 - 30*f + 3383. What is the hundreds digit of c(0)?
3
Let c = -28 - -76. Suppose -p + 2 = -20. Let q = c - p. What is the tens digit of q?
2
What is the hundreds digit of (-3)/(-2)*(3 + 10218/18)?
8
Suppose 41*r = 16*r + 72875. What is the thousands digit of r?
2
Suppose 5*v - 74 = 131. What is the tens digit of v?
4
Suppose -7*f = 3197 - 9056. What is the units digit of f?
7
Let p(s) = -3*s**2 - 5*s - 1. Let r(o) = -o**2 - 2*o. Let k(i) = -3*p(i) + 8*r(i). Let a be k(-5). Suppose -a + 10 = -z. What is the tens digit of z?
2
Let k be (-6)/3